{"id":115,"date":"2025-06-26T22:41:44","date_gmt":"2025-06-26T22:41:44","guid":{"rendered":"https:\/\/gygsistemas.com.mx\/?page_id=115"},"modified":"2026-03-12T18:29:51","modified_gmt":"2026-03-12T18:29:51","slug":"portafolio","status":"publish","type":"page","link":"https:\/\/gygsistemas.com.mx\/index.php\/portafolio\/","title":{"rendered":"Portafolio"},"content":{"rendered":"\t\t<div data-elementor-type=\"wp-page\" data-elementor-id=\"115\" class=\"elementor elementor-115\">\n\t\t\t\t<div class=\"elementor-element elementor-element-llgzydx e-flex e-con-boxed e-con e-parent\" data-id=\"llgzydx\" data-element_type=\"container\" data-e-type=\"container\" data-settings=\"{&quot;background_background&quot;:&quot;classic&quot;}\">\n\t\t\t\t\t<div class=\"e-con-inner\">\n\t\t<div class=\"elementor-element elementor-element-78a3b1e e-con-full e-flex e-con e-child\" data-id=\"78a3b1e\" data-element_type=\"container\" data-e-type=\"container\">\n\t\t<div class=\"elementor-element elementor-element-bb65fec e-con-full e-flex e-con e-child\" data-id=\"bb65fec\" data-element_type=\"container\" data-e-type=\"container\">\n\t\t\t\t<div class=\"elementor-element elementor-element-8e22cf7 elementor-widget__width-initial elementor-widget elementor-widget-hfe-infocard\" data-id=\"8e22cf7\" data-element_type=\"widget\" data-e-type=\"widget\" data-widget_type=\"hfe-infocard.default\">\n\t\t\t\t<div class=\"elementor-widget-container\">\n\t\t\t\t\t\n\t\t<div class=\"hfe-infocard\">\n\t\t\t\t\t\t\t\t\t<div class=\"hfe-infocard-title-wrap\">\n\t\t\t\t<h1 class=\"hfe-infocard-title elementor-inline-editing\" data-elementor-setting-key=\"infocard_title\" data-elementor-inline-editing-toolbar=\"basic\" >PORTAFOLIO DE NEGOCIOS<\/h1>\t\t\t<\/div>\n\t\t\t\t\t\t<div class=\"hfe-infocard-text-wrap\">\n\t\t\t\t<div class=\"hfe-infocard-text elementor-inline-editing\" data-elementor-setting-key=\"infocard_description\" data-elementor-inline-editing-toolbar=\"advanced\">\n\t\t\t\t\t<p>GYG Sistemas a la Medida.\nCuenta con grupos t\u00e9cnicos  multidisciplinarios altamente especializados en el desarrollo de Ingenier\u00eda y Re-Ingenier\u00eda, para proyectos de tecnolog\u00edas de la Informaci\u00f3n, y diversos servicios  que atienden a sectores p\u00fablicos y privados.\n\t\t\t\t<\/div>\n\t\t\t\t\t\t\t<\/div>\n\t\t<\/div>\n\n\t\t\t\t\t\t<\/div>\n\t\t\t\t<\/div>\n\t\t\t\t<\/div>\n\t\t\t\t<\/div>\n\t\t\t\t<div class=\"elementor-element elementor-element-f4c7e7b elementor-widget__width-initial elementor-widget elementor-widget-image\" data-id=\"f4c7e7b\" data-element_type=\"widget\" data-e-type=\"widget\" data-widget_type=\"image.default\">\n\t\t\t\t<div class=\"elementor-widget-container\">\n\t\t\t\t\t\t\t\t\t\t\t\t\t\t\t<img fetchpriority=\"high\" decoding=\"async\" width=\"2000\" height=\"2000\" src=\"https:\/\/gygsistemas.com.mx\/wp-content\/uploads\/2026\/03\/Documento-A4-Planes-de-Servicios-Moderno-Azul-y-Blanco-1080-x-1350-px-2.png\" class=\"attachment-full size-full wp-image-937\" alt=\"\" srcset=\"https:\/\/gygsistemas.com.mx\/wp-content\/uploads\/2026\/03\/Documento-A4-Planes-de-Servicios-Moderno-Azul-y-Blanco-1080-x-1350-px-2.png 2000w, https:\/\/gygsistemas.com.mx\/wp-content\/uploads\/2026\/03\/Documento-A4-Planes-de-Servicios-Moderno-Azul-y-Blanco-1080-x-1350-px-2-300x300.png 300w, https:\/\/gygsistemas.com.mx\/wp-content\/uploads\/2026\/03\/Documento-A4-Planes-de-Servicios-Moderno-Azul-y-Blanco-1080-x-1350-px-2-1024x1024.png 1024w, https:\/\/gygsistemas.com.mx\/wp-content\/uploads\/2026\/03\/Documento-A4-Planes-de-Servicios-Moderno-Azul-y-Blanco-1080-x-1350-px-2-150x150.png 150w, https:\/\/gygsistemas.com.mx\/wp-content\/uploads\/2026\/03\/Documento-A4-Planes-de-Servicios-Moderno-Azul-y-Blanco-1080-x-1350-px-2-768x768.png 768w, https:\/\/gygsistemas.com.mx\/wp-content\/uploads\/2026\/03\/Documento-A4-Planes-de-Servicios-Moderno-Azul-y-Blanco-1080-x-1350-px-2-1536x1536.png 1536w\" sizes=\"(max-width: 2000px) 100vw, 2000px\" \/>\t\t\t\t\t\t\t\t\t\t\t\t\t\t\t<\/div>\n\t\t\t\t<\/div>\n\t\t\t\t\t<\/div>\n\t\t\t\t<\/div>\n\t\t<div class=\"elementor-element elementor-element-x7tjxf4 e-flex e-con-boxed e-con e-parent\" data-id=\"x7tjxf4\" data-element_type=\"container\" data-e-type=\"container\" data-settings=\"{&quot;background_background&quot;:&quot;classic&quot;}\">\n\t\t\t\t\t<div class=\"e-con-inner\">\n\t\t<div class=\"elementor-element elementor-element-2f6eba0 e-con-full e-flex e-con e-child\" data-id=\"2f6eba0\" data-element_type=\"container\" data-e-type=\"container\" data-settings=\"{&quot;background_background&quot;:&quot;classic&quot;}\">\n\t\t\t\t<div class=\"elementor-element elementor-element-d74c880 elementor-widget elementor-widget-heading\" data-id=\"d74c880\" data-element_type=\"widget\" data-e-type=\"widget\" data-widget_type=\"heading.default\">\n\t\t\t\t<div class=\"elementor-widget-container\">\n\t\t\t\t\t<h2 class=\"elementor-heading-title elementor-size-default\">DESARROLLO, INGENIER\u00cdA Y REINGENIER\u00cdA DE SOLUCIONES TECNOL\u00d3GICAS<\/h2>\t\t\t\t<\/div>\n\t\t\t\t<\/div>\n\t\t<div class=\"elementor-element elementor-element-f0916e7 e-con-full e-flex e-con e-child\" data-id=\"f0916e7\" data-element_type=\"container\" data-e-type=\"container\" data-settings=\"{&quot;background_background&quot;:&quot;classic&quot;}\">\n\t\t\t\t<div class=\"elementor-element elementor-element-fb7abbb elementor-widget elementor-widget-text-editor\" data-id=\"fb7abbb\" data-element_type=\"widget\" data-e-type=\"widget\" data-widget_type=\"text-editor.default\">\n\t\t\t\t<div class=\"elementor-widget-container\">\n\t\t\t\t\t\t\t\t\t<p>Se realiz\u00f3 el proceso de automatizaci\u00f3n y control de datos empleando tecnolog\u00edas de bases de datos como PostgreSQL, junto con plataformas de procesamiento distribuido y big data Databricks, integradas mediante flujos orquestados y notificaciones autom\u00e1ticas por correo electr\u00f3nico. El proceso contempla validaciones iniciales de disponibilidad de servicios y tablas, la inclusi\u00f3n de puntos de reinicio, cifras de control y generaci\u00f3n de bit\u00e1coras que permiten la trazabilidad y auditor\u00eda de la operaci\u00f3n.<\/p><p>Prestaci\u00f3n de servicios especializados en dise\u00f1o, desarrollo, implementaci\u00f3n y mantenimiento de soluciones tecnol\u00f3gicas para el sector p\u00fablico y privado, bajo metodolog\u00edas \u00e1giles y mejores pr\u00e1cticas de la industria.<\/p><ul><li>Desarrollo y mantenimiento evolutivo y correctivo de aplicaciones.<\/li><li>Dise\u00f1o de arquitecturas tecnol\u00f3gicas y de datos.<\/li><li>F\u00e1brica de software (an\u00e1lisis, desarrollo, pruebas, liberaci\u00f3n y soporte).<\/li><li>Reingenier\u00eda de sistemas y procesos tecnol\u00f3gicos.<\/li><li>Desarrollo de soluciones bajo entornos Microsoft y plataformas de anal\u00edtica avanzada.<\/li><li>Pruebas funcionales, t\u00e9cnicas, integrales y de desempe\u00f1o.<\/li><li>Implementaci\u00f3n y liberaci\u00f3n controlada en ambientes productivos.<\/li><\/ul><p>Los servicios se ejecutan bajo marcos de referencia como Scrum, DevOps e ITIL, garantizando trazabilidad, control de cambios de acuerdo\u00a0 a nuestro sistema de aseguramiento de calidad.<\/p>\t\t\t\t\t\t\t\t<\/div>\n\t\t\t\t<\/div>\n\t\t<div class=\"elementor-element elementor-element-7ad2680 e-con-full e-flex e-con e-child\" data-id=\"7ad2680\" data-element_type=\"container\" data-e-type=\"container\">\n\t\t\t\t<div class=\"elementor-element elementor-element-d756038 elementor-widget elementor-widget-heading\" data-id=\"d756038\" data-element_type=\"widget\" data-e-type=\"widget\" data-widget_type=\"heading.default\">\n\t\t\t\t<div class=\"elementor-widget-container\">\n\t\t\t\t\t<h2 class=\"elementor-heading-title elementor-size-default\">INGENIER\u00cdA Y ANAL\u00cdTICA DE DATOS\n<\/h2>\t\t\t\t<\/div>\n\t\t\t\t<\/div>\n\t\t\t\t<\/div>\n\t\t\t\t<\/div>\n\t\t\t\t<div class=\"elementor-element elementor-element-194993c elementor-widget elementor-widget-text-editor\" data-id=\"194993c\" data-element_type=\"widget\" data-e-type=\"widget\" data-widget_type=\"text-editor.default\">\n\t\t\t\t<div class=\"elementor-widget-container\">\n\t\t\t\t\t\t\t\t\t<p>Especializaci\u00f3n en dise\u00f1o e implementaci\u00f3n de soluciones de integraci\u00f3n, transformaci\u00f3n y explotaci\u00f3n de datos para grandes vol\u00famenes de informaci\u00f3n.<\/p><ul><li>Desarrollo de Ingenier\u00eda de Datos en entornos Data Lake.<\/li><li>Implementaci\u00f3n y orquestaci\u00f3n de procesos con Data Factory.<\/li><li>Procesamiento distribuido mediante plataformas Databricks.<\/li><li>Modelado de datos conforme a arquitectura definida.<\/li><li>Integraci\u00f3n y consolidaci\u00f3n de fuentes de informaci\u00f3n.<\/li><li>Reingenier\u00eda de procesos orientados a explotaci\u00f3n anal\u00edtica.<\/li><li>Optimizaci\u00f3n de rendimiento y calidad de datos.<\/li><\/ul>\t\t\t\t\t\t\t\t<\/div>\n\t\t\t\t<\/div>\n\t\t\t\t<\/div>\n\t\t\t\t\t<\/div>\n\t\t\t\t<\/div>\n\t\t<div class=\"elementor-element elementor-element-5235918 e-flex e-con-boxed e-con e-parent\" data-id=\"5235918\" data-element_type=\"container\" data-e-type=\"container\" data-settings=\"{&quot;background_background&quot;:&quot;classic&quot;}\">\n\t\t\t\t\t<div class=\"e-con-inner\">\n\t\t<div class=\"elementor-element elementor-element-e6dcb2b e-con-full e-flex e-con e-child\" data-id=\"e6dcb2b\" data-element_type=\"container\" data-e-type=\"container\" data-settings=\"{&quot;background_background&quot;:&quot;classic&quot;}\">\n\t\t\t\t<div class=\"elementor-element elementor-element-c302dae elementor-widget elementor-widget-heading\" data-id=\"c302dae\" data-element_type=\"widget\" data-e-type=\"widget\" data-widget_type=\"heading.default\">\n\t\t\t\t<div class=\"elementor-widget-container\">\n\t\t\t\t\t<h2 class=\"elementor-heading-title elementor-size-default\">ASISTENCIA TECNOL\u00d3GICA Y SOPORTE ESPECIALIZADO\n<\/h2>\t\t\t\t<\/div>\n\t\t\t\t<\/div>\n\t\t\t\t<div class=\"elementor-element elementor-element-b8d2e93 elementor-widget elementor-widget-text-editor\" data-id=\"b8d2e93\" data-element_type=\"widget\" data-e-type=\"widget\" data-widget_type=\"text-editor.default\">\n\t\t\t\t<div class=\"elementor-widget-container\">\n\t\t\t\t\t\t\t\t\t<p>Brindamos servicios integrales de asistencia tecnol\u00f3gica y soporte especializado, orientados a garantizar la continuidad operativa, la optimizaci\u00f3n del desempe\u00f1o de las plataformas tecnol\u00f3gicas y la generaci\u00f3n de valor a trav\u00e9s del uso estrat\u00e9gico de la informaci\u00f3n.<\/p><ul><li>Soporte t\u00e9cnico integral en infraestructura inform\u00e1tica, plataformas de datos y aplicaciones cr\u00edticas de negocio.<\/li><li>Atenci\u00f3n, diagn\u00f3stico y resoluci\u00f3n de incidentes conforme a niveles de servicio (SLA), asegurando tiempos de respuesta y soluci\u00f3n eficientes.<\/li><li>Ejecuci\u00f3n de mantenimiento preventivo, correctivo y evolutivo para garantizar estabilidad, disponibilidad y mejora continua de los sistemas.<\/li><li>Instalaci\u00f3n, configuraci\u00f3n, despliegue y estabilizaci\u00f3n de soluciones en ambientes productivos bajo mejores pr\u00e1cticas de gesti\u00f3n de cambios.<\/li><li>Administraci\u00f3n, monitoreo y optimizaci\u00f3n de ambientes tecnol\u00f3gicos (desarrollo, pruebas y producci\u00f3n), asegurando desempe\u00f1o, trazabilidad y control.<\/li><li>Soporte especializado en soluciones de <b>Business <\/b><b>Intelligence<\/b><b> (BI), <\/b>incluyendo modelado de datos, construcci\u00f3n de tableros ejecutivos, explotaci\u00f3n de informaci\u00f3n y soporte a usuarios estrat\u00e9gicos.<\/li><li>Administraci\u00f3n y soporte de plataformas de anal\u00edtica avanzada y procesamiento masivo de datos, incluyendo <b>Databricks, arquitecturas Big Data <\/b>y entornos basados en la nube.<\/li><li>Implementaci\u00f3n y acompa\u00f1amiento en la adopci\u00f3n de nuevas Tecnolog\u00edas de la Informaci\u00f3n, tales como anal\u00edtica avanzada, automatizaci\u00f3n de procesos, inteligencia artificial y modernizaci\u00f3n de ecosistemas tecnol\u00f3gicos.<\/li><li>Definici\u00f3n e implementaci\u00f3n de estrategias de seguridad inform\u00e1tica, gobierno de datos y continuidad operativa.<\/li><li>Gesti\u00f3n de identidades, accesos y perfiles de usuario bajo esquemas de control, auditor\u00eda y cumplimiento normativo.<\/li><li>Aplicaci\u00f3n de mejores pr\u00e1cticas ITIL, Scrum, DevOps, gesti\u00f3n de cambios y gobierno de datos.<\/li><li><p>Este enfoque permite a las organizaciones fortalecer su operaci\u00f3n tecnol\u00f3gica, reducir riesgos, mejorar la toma de decisiones basada en datos y acelerar procesos de transformaci\u00f3n digital.<\/p><\/li><\/ul>\t\t\t\t\t\t\t\t<\/div>\n\t\t\t\t<\/div>\n\t\t<div class=\"elementor-element elementor-element-8d6aa7e e-con-full e-flex e-con e-child\" data-id=\"8d6aa7e\" data-element_type=\"container\" data-e-type=\"container\" data-settings=\"{&quot;background_background&quot;:&quot;classic&quot;}\">\n\t\t\t\t<div class=\"elementor-element elementor-element-7b49f09 elementor-widget elementor-widget-heading\" data-id=\"7b49f09\" data-element_type=\"widget\" data-e-type=\"widget\" data-widget_type=\"heading.default\">\n\t\t\t\t<div class=\"elementor-widget-container\">\n\t\t\t\t\t<h2 class=\"elementor-heading-title elementor-size-default\">TELECOMUNICACIONES E INFRAESTRUCTURA\n<\/h2>\t\t\t\t<\/div>\n\t\t\t\t<\/div>\n\t\t\t\t<div class=\"elementor-element elementor-element-9fe480d elementor-widget elementor-widget-text-editor\" data-id=\"9fe480d\" data-element_type=\"widget\" data-e-type=\"widget\" data-widget_type=\"text-editor.default\">\n\t\t\t\t<div class=\"elementor-widget-container\">\n\t\t\t\t\t\t\t\t\t<ul><li>Instalaci\u00f3n, mantenimiento y administraci\u00f3n de redes.<\/li><li>Estudios de cobertura y an\u00e1lisis de interferencias.<\/li><li>Instalaci\u00f3n y mantenimiento de repetidores y equipos especializados.<\/li><li>Comisionado y puesta en operaci\u00f3n.<\/li><li>Servicios de mesa de ayuda (Help Desk).<\/li><li>Diagn\u00f3stico y soluci\u00f3n de incidencias t\u00e9cnicas.<\/li><\/ul>\t\t\t\t\t\t\t\t<\/div>\n\t\t\t\t<\/div>\n\t\t\t\t<\/div>\n\t\t\t\t<\/div>\n\t\t\t\t\t<\/div>\n\t\t\t\t<\/div>\n\t\t<div class=\"elementor-element elementor-element-fe121f5 e-flex e-con-boxed e-con e-parent\" data-id=\"fe121f5\" data-element_type=\"container\" data-e-type=\"container\" data-settings=\"{&quot;background_background&quot;:&quot;classic&quot;}\">\n\t\t\t\t\t<div class=\"e-con-inner\">\n\t\t<div class=\"elementor-element elementor-element-65565fa e-con-full e-flex e-con e-child\" data-id=\"65565fa\" data-element_type=\"container\" data-e-type=\"container\" data-settings=\"{&quot;background_background&quot;:&quot;classic&quot;}\">\n\t\t\t\t<div class=\"elementor-element elementor-element-1caa590 elementor-widget elementor-widget-heading\" data-id=\"1caa590\" data-element_type=\"widget\" data-e-type=\"widget\" data-widget_type=\"heading.default\">\n\t\t\t\t<div class=\"elementor-widget-container\">\n\t\t\t\t\t<h2 class=\"elementor-heading-title elementor-size-default\">DISE\u00d1O Y DESARROLLO DIGITAL\n<\/h2>\t\t\t\t<\/div>\n\t\t\t\t<\/div>\n\t\t\t\t<div class=\"elementor-element elementor-element-0e7eace elementor-widget elementor-widget-text-editor\" data-id=\"0e7eace\" data-element_type=\"widget\" data-e-type=\"widget\" data-widget_type=\"text-editor.default\">\n\t\t\t\t<div class=\"elementor-widget-container\">\n\t\t\t\t\t\t\t\t\t<ul><li>Dise\u00f1o y desarrollo integral de sitios web (Front-End y Back-End).<\/li><li>Gesti\u00f3n de dominios y hosting.<\/li><li>Implementaci\u00f3n de medidas de seguridad web.<\/li><li>Dise\u00f1o gr\u00e1fico corporativo e identidad institucional.<\/li><li>Desarrollo de materiales digitales e impresos.<\/li><li>Dise\u00f1o para plataformas digitales y redes sociales.<\/li><\/ul>\t\t\t\t\t\t\t\t<\/div>\n\t\t\t\t<\/div>\n\t\t<div class=\"elementor-element elementor-element-c2ee89a e-con-full e-flex e-con e-child\" data-id=\"c2ee89a\" data-element_type=\"container\" data-e-type=\"container\" data-settings=\"{&quot;background_background&quot;:&quot;classic&quot;}\">\n\t\t\t\t<div class=\"elementor-element elementor-element-feac3c6 elementor-widget elementor-widget-heading\" data-id=\"feac3c6\" data-element_type=\"widget\" data-e-type=\"widget\" data-widget_type=\"heading.default\">\n\t\t\t\t<div class=\"elementor-widget-container\">\n\t\t\t\t\t<h2 class=\"elementor-heading-title elementor-size-default\">CAPACITACI\u00d3N TECNOL\u00d3GICA\n<\/h2>\t\t\t\t<\/div>\n\t\t\t\t<\/div>\n\t\t\t\t<div class=\"elementor-element elementor-element-744d509 elementor-widget elementor-widget-text-editor\" data-id=\"744d509\" data-element_type=\"widget\" data-e-type=\"widget\" data-widget_type=\"text-editor.default\">\n\t\t\t\t<div class=\"elementor-widget-container\">\n\t\t\t\t\t\t\t\t\t<ul><li>Capacitaci\u00f3n en herramientas de ofim\u00e1tica (b\u00e1sico, intermedio y avanzado).<\/li><li>Excel especializado.<\/li><li>Herramientas Adobe.<\/li><li>Programaci\u00f3n b\u00e1sica.<\/li><li>Desarrollo web con WordPress.<\/li><\/ul>\t\t\t\t\t\t\t\t<\/div>\n\t\t\t\t<\/div>\n\t\t\t\t<\/div>\n\t\t\t\t<\/div>\n\t\t\t\t\t<\/div>\n\t\t\t\t<\/div>\n\t\t<div class=\"elementor-element elementor-element-13e622c e-flex e-con-boxed e-con e-parent\" data-id=\"13e622c\" data-element_type=\"container\" data-e-type=\"container\" data-settings=\"{&quot;background_background&quot;:&quot;classic&quot;}\">\n\t\t\t\t\t<div class=\"e-con-inner\">\n\t\t<div class=\"elementor-element elementor-element-2128bc3 e-con-full e-flex e-con e-child\" data-id=\"2128bc3\" data-element_type=\"container\" data-e-type=\"container\" data-settings=\"{&quot;background_background&quot;:&quot;classic&quot;}\">\n\t\t\t\t<div class=\"elementor-element elementor-element-6b7fd46 elementor-widget elementor-widget-heading\" data-id=\"6b7fd46\" data-element_type=\"widget\" data-e-type=\"widget\" data-widget_type=\"heading.default\">\n\t\t\t\t<div class=\"elementor-widget-container\">\n\t\t\t\t\t<h2 class=\"elementor-heading-title elementor-size-default\">COMERCIALIZACI\u00d3N TECNOL\u00d3GICA\n<\/h2>\t\t\t\t<\/div>\n\t\t\t\t<\/div>\n\t\t\t\t<div class=\"elementor-element elementor-element-39e0b36 elementor-widget elementor-widget-text-editor\" data-id=\"39e0b36\" data-element_type=\"widget\" data-e-type=\"widget\" data-widget_type=\"text-editor.default\">\n\t\t\t\t<div class=\"elementor-widget-container\">\n\t\t\t\t\t\t\t\t\t<ul><li>Suministro de hardware y software.<\/li><li>Equipamiento de redes y telecomunicaciones.<\/li><li>Cableado estructurado.<\/li><li>Equipos de videovigilancia y dispositivos tecnol\u00f3gicos especializados.<\/li><\/ul><p>La prestaci\u00f3n de los servicios se realiza garantizando la confidencialidad, integridad y disponibilidad de la informaci\u00f3n, en estricto apego a los lineamientos de Seguridad de la Informaci\u00f3n establecidos en la norma ISO\/IEC 27001, as\u00ed como al control documental y la normatividad aplicable al sector p\u00fablico.<\/p><p>Asimismo, se asegura la calidad y trazabilidad de los procesos, en cumplimiento con los lineamientos contractuales y los est\u00e1ndares de gesti\u00f3n de calidad definidos en la norma ISO 9001.<\/p>\t\t\t\t\t\t\t\t<\/div>\n\t\t\t\t<\/div>\n\t\t\t\t<\/div>\n\t\t\t\t\t<\/div>\n\t\t\t\t<\/div>\n\t\t\t\t<\/div>\n\t\t","protected":false},"excerpt":{"rendered":"<p>PORTAFOLIO DE NEGOCIOS GYG Sistemas a la Medida. Cuenta con grupos t\u00e9cnicos multidisciplinarios altamente especializados en el desarrollo de Ingenier\u00eda [&hellip;]<\/p>\n","protected":false},"author":1,"featured_media":0,"parent":0,"menu_order":0,"comment_status":"closed","ping_status":"closed","template":"","meta":{"_uag_custom_page_level_css":"","site-sidebar-layout":"no-sidebar","site-content-layout":"","ast-site-content-layout":"full-width-container","site-content-style":"default","site-sidebar-style":"default","ast-global-header-display":"","ast-banner-title-visibility":"","ast-main-header-display":"","ast-hfb-above-header-display":"","ast-hfb-below-header-display":"","ast-hfb-mobile-header-display":"","site-post-title":"disabled","ast-breadcrumbs-content":"","ast-featured-img":"disabled","footer-sml-layout":"","theme-transparent-header-meta":"","adv-header-id-meta":"","stick-header-meta":"","header-above-stick-meta":"","header-main-stick-meta":"","header-below-stick-meta":"","astra-migrate-meta-layouts":"default","ast-page-background-enabled":"default","ast-page-background-meta":{"desktop":{"background-color":"var(--ast-global-color-5)","background-image":"","background-repeat":"repeat","background-position":"center center","background-size":"auto","background-attachment":"scroll","background-type":"","background-media":"","overlay-type":"","overlay-color":"","overlay-opacity":"","overlay-gradient":""},"tablet":{"background-color":"","background-image":"","background-repeat":"repeat","background-position":"center center","background-size":"auto","background-attachment":"scroll","background-type":"","background-media":"","overlay-type":"","overlay-color":"","overlay-opacity":"","overlay-gradient":""},"mobile":{"background-color":"","background-image":"","background-repeat":"repeat","background-position":"center center","background-size":"auto","background-attachment":"scroll","background-type":"","background-media":"","overlay-type":"","overlay-color":"","overlay-opacity":"","overlay-gradient":""}},"ast-content-background-meta":{"desktop":{"background-color":"var(--ast-global-color-4)","background-image":"","background-repeat":"repeat","background-position":"center center","background-size":"auto","background-attachment":"scroll","background-type":"","background-media":"","overlay-type":"","overlay-color":"","overlay-opacity":"","overlay-gradient":""},"tablet":{"background-color":"var(--ast-global-color-4)","background-image":"","background-repeat":"repeat","background-position":"center center","background-size":"auto","background-attachment":"scroll","background-type":"","background-media":"","overlay-type":"","overlay-color":"","overlay-opacity":"","overlay-gradient":""},"mobile":{"background-color":"var(--ast-global-color-4)","background-image":"","background-repeat":"repeat","background-position":"center center","background-size":"auto","background-attachment":"scroll","background-type":"","background-media":"","overlay-type":"","overlay-color":"","overlay-opacity":"","overlay-gradient":""}},"footnotes":""},"class_list":["post-115","page","type-page","status-publish","hentry"],"uagb_featured_image_src":{"full":false,"thumbnail":false,"medium":false,"medium_large":false,"large":false,"1536x1536":false,"2048x2048":false},"uagb_author_info":{"display_name":"admin","author_link":"https:\/\/gygsistemas.com.mx\/index.php\/author\/admingyg\/"},"uagb_comment_info":0,"uagb_excerpt":"PORTAFOLIO DE NEGOCIOS GYG Sistemas a la Medida. Cuenta con grupos t\u00e9cnicos multidisciplinarios altamente especializados en el desarrollo de Ingenier\u00eda [&hellip;]","_links":{"self":[{"href":"https:\/\/gygsistemas.com.mx\/index.php\/wp-json\/wp\/v2\/pages\/115","targetHints":{"allow":["GET"]}}],"collection":[{"href":"https:\/\/gygsistemas.com.mx\/index.php\/wp-json\/wp\/v2\/pages"}],"about":[{"href":"https:\/\/gygsistemas.com.mx\/index.php\/wp-json\/wp\/v2\/types\/page"}],"author":[{"embeddable":true,"href":"https:\/\/gygsistemas.com.mx\/index.php\/wp-json\/wp\/v2\/users\/1"}],"replies":[{"embeddable":true,"href":"https:\/\/gygsistemas.com.mx\/index.php\/wp-json\/wp\/v2\/comments?post=115"}],"version-history":[{"count":19,"href":"https:\/\/gygsistemas.com.mx\/index.php\/wp-json\/wp\/v2\/pages\/115\/revisions"}],"predecessor-version":[{"id":940,"href":"https:\/\/gygsistemas.com.mx\/index.php\/wp-json\/wp\/v2\/pages\/115\/revisions\/940"}],"wp:attachment":[{"href":"https:\/\/gygsistemas.com.mx\/index.php\/wp-json\/wp\/v2\/media?parent=115"}],"curies":[{"name":"wp","href":"https:\/\/api.w.org\/{rel}","templated":true}]}}